s the remainder when 986 is divided by 6?
2
Calculate the remainder when 602 is divided by 32.
26
What is the remainder when 115 is divided by 11?
5
What is the remainder when 1031 is divided by 14?
9
What is the remainder when 2258 is divided by 174?
170
Calculate the remainder when 413 is divided by 206.
1
Calculate the remainder when 55 is divided by 48.
7
What is the remainder when 672 is divided by 75?
72
Calculate the remainder when 47 is divided by 13.
8
What is the remainder when 1484 is divided by 716?
52
Calculate the remainder when 1716 is divided by 471.
303
Calculate the remainder when 16553 is divided by 55.
53
What is the remainder when 115 is divided by 68?
47
Calculate the remainder when 30 is divided by 13.
4
What is the remainder when 4396 is divided by 144?
76
Calculate the remainder when 543 is divided by 21.
18
Calculate the remainder when 6030 is divided by 194.
16
What is the remainder when 1679 is divided by 212?
195
What is the remainder when 7302 is divided by 11?
9
What is the remainder when 5722 is divided by 25?
22
What is the remainder when 9261 is divided by 8?
5
What is the remainder when 1699 is divided by 74?
71
What is the remainder when 7359 is divided by 46?
45
What is the remainder when 637 is divided by 82?
63
Calculate the remainder when 347 is divided by 61.
42
Calculate the remainder when 1852 is divided by 109.
108
Calculate the remainder when 523 is divided by 12.
7
What is the remainder when 82 is divided by 74?
8
What is the remainder when 4189 is divided by 3?
1
Calculate the remainder when 6619 is divided by 77.
74
Calculate the remainder when 724 is divided by 123.
109
What is the remainder when 1846 is divided by 60?
46
Calculate the remainder when 388 is divided by 17.
14
What is the remainder when 271 is divided by 89?
4
Calculate the remainder when 182 is divided by 47.
41
What is the remainder when 23 is divided by 12?
11
What is the remainder when 497 is divided by 486?
11
Calculate the remainder when 136 is divided by 6.
4
What is the remainder when 114 is divided by 31?
21
What is the remainder when 642 is divided by 59?
52
Calculate the remainder when 68 is divided by 3.
2
Calculate the remainder when 322 is divided by 111.
100
Calculate the remainder when 243 is divided by 41.
38
What is the remainder when 389 is divided by 39?
38
What is the remainder when 407 is divided by 12?
11
Calculate the remainder when 2047 is divided by 35.
17
What is the remainder when 5816 is divided by 23?
20
What is the remainder when 68 is divided by 33?
2
Calculate the remainder when 377 is divided by 14.
13
Calculate the remainder when 291 is divided by 51.
36
Calculate the remainder when 459 is divided by 97.
71
What is the remainder when 48203 is divided by 18?
17
Calculate the remainder when 247 is divided by 39.
13
Calculate the remainder when 1409 is divided by 17.
15
What is the remainder when 1607 is divided by 134?
133
What is the remainder when 55 is divided by 27?
1
What is the remainder when 303 is divided by 19?
18
Calculate the remainder when 62 is divided by 23.
16
What is the remainder when 6548 is divided by 126?
122
What is the remainder when 1957 is divided by 485?
17
What is the remainder when 340 is divided by 43?
39
What is the remainder when 1531 is divided by 21?
19
What is the remainder when 331 is divided by 9?
7
Calculate the remainder when 121 is divided by 93.
28
Calculate the remainder when 1138 is divided by 22.
16
Calculate the remainder when 1871 is divided by 25.
21
What is the remainder when 51 is divided by 5?
1
What is the remainder when 161 is divided by 41?
38
What is the remainder when 60 is divided by 22?
16
Calculate the remainder when 2945 is divided by 67.
64
What is the remainder when 343 is divided by 285?
58
What is the remainder when 51 is divided by 8?
3
What is the remainder when 522 is divided by 139?
105
What is the remainder when 1408 is divided by 94?
92
What is the remainder when 1589 is divided by 37?
35
What is the remainder when 224 is divided by 112?
0
Calculate the remainder when 978 is divided by 70.
68
What is the remainder when 387 is divided by 158?
71
What is the remainder when 398 is divided by 29?
21
Calculate the remainder when 10247 is divided by 125.
122
What is the remainder when 516 is divided by 7?
5
Calculate the remainder when 4617 is divided by 149.
147
Calculate the remainder when 23 is divided by 15.
8
Calculate the remainder when 21 is divided by 9.
3
What is the remainder when 1547 is divided by 50?
47
Calculate the remainder when 8791 is divided by 160.
151
Calculate the remainder when 91 is divided by 6.
1
What is the remainder when 159 is divided by 18?
15
What is the remainder when 4240 is divided by 2113?
14
Calculate the remainder when 376 is divided by 27.
25
Calculate the remainder when 87 is divided by 34.
19
Calculate the remainder when 118 is divided by 32.
22
Calculate the remainder when 23 is divided by 3.
2
Calculate the remainder when 1237 is divided by 45.
22
Calculate the remainder when 67 is divided by 21.
4
Calculate the remainder when 2415 is divided by 801.
12
Calculate the remainder when 54 is divided by 32.
22
Calculate the remainder when 499 is divided by 10.
9
Calculate the remainder when 987 is divided by 3.
0
What is the remainder when 457 is divided by 115?
112
What is the remainder when 317 is divided by 107?
103
Calculate the remainder when 201 is divided by 186.
15
Calculate the remainder when 42289 is divided by 218.
215
Calculate the remainder when 555 is divided by 140.
135
Calculate the remainder when 91 is divided by 23.
22
Calculate the remainder when 508 is divided by 32.
28
Calculate the remainder when 7162 is divided by 107.
100
What is the remainder when 193 is divided by 22?
17
What is the remainder when 10689 is divided by 53?
36
Calculate the remainder when 473 is divided by 40.
33
What is the remainder when 1746 is divided by 23?
21
Calculate the remainder when 465 is divided by 67.
63
What is the remainder when 2688 is divided by 895?
3
Calculate the remainder when 840 is divided by 46.
12
Calculate the remainder when 740 is divided by 44.
36
Calculate the remainder when 298 is divided by 69.
22
Calculate the remainder when 445 is divided by 30.
25
What is the remainder when 5321 is divided by 1326?
17
Calculate the remainder when 126 is divided by 11.
5
Calculate the remainder when 23165 is divided by 181.
178
Calculate the remainder when 34 is divided by 8.
2
Calculate the remainder when 276 is divided by 24.
12
Calculate the remainder when 6 is divided by 5.
1
What is the remainder when 405 is divided by 24?
21
Calculate the remainder when 298 is divided by 113.
72
Calculate the remainder when 401 is divided by 129.
14
What is the remainder when 6730 is divided by 51?
49
What is the remainder when 171 is divided by 25?
21
Calculate the remainder when 912 is divided by 452.
8
Calculate the remainder when 275 is divided by 126.
23
Calculate the remainder when 263 is divided by 30.
23
What is the remainder when 686 is divided by 28?
14
What is the remainder when 383 is divided by 346?
37
What is the remainder when 1678 is divided by 557?
7
What is the remainder when 255 is divided by 116?
23
What is the remainder when 83 is divided by 24?
11
Calculate the remainder when 196 is divided by 70.
56
What is the remainder when 559 is divided by 35?
34
Calculate the remainder when 246 is divided by 33.
15
What is the remainder when 42292 is divided by 318?
316
Calculate the remainder when 2416 is divided by 89.
13
What is the remainder when 5278 is divided by 586?
4
Calculate the remainder when 62 is divided by 38.
24
What is the remainder when 143 is divided by 36?
35
What is the remainder when 170 is divided by 120?
50
What is the remainder when 90 is divided by 4?
2
What is the remainder when 56 is divided by 16?
8
Calculate the remainder when 1249 is divided by 11.
6
What is the remainder when 2212 is divided by 18?
16
Calculate the remainder when 328 is divided by 44.
20
What is the remainder when 2512 is divided by 20?
12
What is the remainder when 36 is divided by 19?
17
What is the remainder when 1127 is divided by 30?
17
What is the remainder when 82 is divided by 6?
4
Cal